
Is 2 a factor of 524?
True
Is 531 a multiple of 59?
True
Is 11099 a multiple of 29?
False
Is 165 a factor of 24255?
True
Does 2 divide 519?
False
Is 19 a factor of 551?
True
Does 82 divide 2883?
False
Is 13 a factor of 12339?
False
Is 8415 a multiple of 99?
True
Is 24 a factor of 258?
False
Is 430 a multiple of 86?
True
Is 5224 a multiple of 51?
False
Is 27 a factor of 1675?
False
Is 46 a multiple of 4?
False
Is 37 a factor of 1739?
True
Is 3905 a multiple of 16?
False
Does 44 divide 704?
True
Is 13126 a multiple of 72?
False
Is 1061 a multiple of 5?
False
Is 4 a factor of 283?
False
Is 80 a factor of 38549?
False
Is 2002 a multiple of 77?
True
Does 4 divide 324?
True
Is 63 a factor of 630?
True
Is 48 a multiple of 8?
True
Is 58 a factor of 13630?
True
Is 53 a multiple of 39?
False
Is 64 a factor of 31424?
True
Is 29342 a multiple of 34?
True
Is 114 a factor of 1863?
False
Is 8386 a multiple of 5?
False
Is 10625 a multiple of 154?
False
Is 4456 a multiple of 8?
True
Is 111 a factor of 33483?
False
Is 30 a factor of 300?
True
Is 950 a multiple of 25?
True
Is 102 a factor of 66876?
False
Is 22 a factor of 28130?
False
Is 29 a factor of 59508?
True
Is 5 a factor of 495?
True
Does 13 divide 63076?
True
Does 2 divide 50?
True
Does 3 divide 194?
False
Is 150 a factor of 3750?
True
Is 14 a factor of 2250?
False
Does 9 divide 393?
False
Is 901 a multiple of 53?
True
Is 130 a multiple of 13?
True
Is 158 a factor of 17222?
True
Is 87 a factor of 8019?
False
Is 4 a factor of 392?
True
Does 112 divide 112?
True
Is 445 a multiple of 33?
False
Is 22 a factor of 418?
True
Does 2 divide 205?
False
Is 693 a multiple of 9?
True
Is 50295 a multiple of 35?
True
Is 27 a factor of 96039?
True
Is 47069 a multiple of 121?
True
Is 4125 a multiple of 5?
True
Is 21 a factor of 1451?
False
Is 6 a factor of 1127?
False
Is 21 a factor of 432?
False
Does 15 divide 480?
True
Does 9 divide 256?
False
Does 124 divide 1984?
True
Is 26 a factor of 102180?
True
Is 14 a factor of 2604?
True
Does 3 divide 21?
True
Is 7 a factor of 77?
True
Does 11 divide 231?
True
Does 2 divide 470?
True
Does 76 divide 5852?
True
Does 6 divide 468?
True
Is 26396 a multiple of 14?
False
Is 3443 a multiple of 11?
True
Is 110 a factor of 1027?
False
Is 19016 a multiple of 20?
False
Does 27 divide 27546?
False
Is 26875 a multiple of 125?
True
Does 15 divide 3015?
True
Does 15 divide 285?
True
Does 64 divide 256?
True
Is 6200 a multiple of 45?
False
Is 85 a factor of 663?
False
Is 154 a factor of 4951?
False
Is 61 a factor of 1159?
True
Is 72 a multiple of 36?
True
Does 42 divide 40372?
False
Is 5588 a multiple of 44?
True
Does 65 divide 21280?
False
Is 62 a factor of 1426?
True
Is 28 a factor of 19348?
True
Is 15340 a multiple of 84?
False
Is 980 a multiple of 10?
True
Is 465 a multiple of 3?
True
Is 2427 a multiple of 14?
False
Is 33831 a multiple of 179?
True
Is 62 a factor of 4384?
False
Does 37 divide 1665?
True
Is 62 a multiple of 8?
False
Is 17 a multiple of 11?
False
Does 110 divide 13860?
True
Is 13 a factor of 87622?
False
Is 4 a factor of 616?
True
Does 26 divide 494?
True
Is 389 a multiple of 12?
False
Does 34 divide 35504?
False
Is 6110 a multiple of 19?
False
Is 87 a factor of 7221?
True
Is 6 a factor of 389?
False
Is 902 a multiple of 82?
True
Does 8 divide 4488?
True
Does 8 divide 216?
True
Is 53 a factor of 4825?
False
Does 4 divide 2788?
True
Does 28 divide 767?
False
Is 5 a factor of 17614?
False
Does 13 divide 9464?
True
Is 18 a factor of 198?
True
Is 2995 a multiple of 5?
True
Does 14 divide 1503?
False
Is 5564 a multiple of 13?
True
Is 10886 even?
True
Is 10 a factor of 1286?
False
Does 83 divide 17579?
False
Does 125 divide 50002?
False
Does 26 divide 890?
False
Is 7752 a multiple of 102?
True
Is 22 a factor of 2102?
False
Is 19 a factor of 7485?
False
Is 1868 a multiple of 14?
False
Does 20 divide 21040?
True
Does 32 divide 188?
False
Does 7 divide 91?
True
Does 3 divide 101?
False
Does 70 divide 19600?
True
Is 14 a factor of 913?
False
Is 17 a factor of 14843?
False
Is 5040 a multiple of 48?
True
Is 110 a multiple of 5?
True
Does 11 divide 6688?
True
Is 46 a factor of 16373?
False
Is 13 a factor of 927?
False
Does 199 divide 9552?
True
Does 9 divide 12188?
False
Is 29318 a multiple of 137?
True
Does 33 divide 363?
True
Is 25 a factor of 35475?
True
Is 71 a factor of 1852?
False
Does 125 divide 53820?
False
Is 1580 a multiple of 10?
True
Is 12 a factor of 118514?
False
Is 759 a multiple of 81?
False
Is 1189 a multiple of 31?
False
Does 362 divide 82174?
True
Does 28 divide 797?
False
Does 47 divide 235?
True
Is 434 a multiple of 6?
False
Does 14 divide 812?
True
Is 37 a factor of 9579?
False
Does 9 divide 3482?
False
Does 157 divide 51653?
True
Does 10 divide 2324?
False
Is 17554 a multiple of 14?
False
Is 34872 a multiple of 12?
True
Is 1178 a multiple of 38?
True
Does 43 divide 25972?
True
Is 137 a factor of 41101?
False
Is 15 a factor of 5430?
True
Is 16310 a multiple of 130?
False
Does 6 divide 60?
True
Is 50 a factor of 5500?
True
Is 1117 a multiple of 3?
False
Is 80401 a multiple of 13?
False
Is 35 a factor of 315?
True
Does 119 divide 1770?
False
Is 3540 a multiple of 10?
True
Does 16 divide 3696?
True
Is 8764 a multiple of 31?
False
Does 55 divide 190?
False
Is 1377 a multiple of 70?
False
Is 10728 a multiple of 6?
True
Is 5 a factor of 231?
False
Is 114 a factor of 10944?
True
Is 60 a factor of 6900?
True
Is 41 a factor of 5723?
False
Does 32 divide 4240?
False
Is 96 a multiple of 48?
True
Does 115 divide 1233?
False
Is 89 a factor of 5004?
False
Is 42 a factor of 630?
True
Is 1960 a multiple of 98?
True
Does 40 divide 9862?
False
Is 2050 a multiple of 14?
False
Does 14 divide 55618?
False
Is 242 a multiple of 18?
False
Does 8 divide 882?
False
Is 18 a factor of 156006?
True
Is 11 a factor of 891?
True
Is 28 a multiple of 3?
False
Is 2327 a multiple of 13?
True
Does 181 divide 3783?
False
Is 3 a factor of 2698?
False
Is 18 a factor of 2397?
False
Is 74 a factor of 22274?
True
Is 12 a factor of 20307?
False
Is 33 a factor of 429?
True
Is 23 a factor of 634?
False
Is 39 a factor of 351?
True
Does 34 divide 7038?
True
Is 660 a multiple of 22?
True
Is 42 a factor of 5502?
True
Is 397 a multiple of 11?
False
Is 63 a factor of 945?
True
Is 16 a multiple of 3?
False
Does 11 divide 3157?
True
Is 707 a multiple of 13?
False
Is 332 a multiple of 26?
False
Is 102 a factor of 3183?
False
Is 10 a factor of 10210?
True
Does 18 divide 2034?
True
Is 246 a multiple of 41?
True
Does 149 divide 6556?
True
Is 798 a multiple of 15?
False
Is 3 a factor of 8403?
True
Is 94 a multiple of 11?
False
Is 79 a factor of 1185?
True
Does 5 divide 70?
True
Is 8952 a multiple of 33?
False
Is 5 a factor of 755?
True
Does 65 divide 409?
False
Is 14721 a multiple of 14?
False
Does 45 divide 799?
False
Is 6 a factor of 162?
True
Is 367 a multiple of 7?
False
Is 12 a factor of 31632?
True
Is 2 a factor of 9?
False
Is 2415 a multiple of 4?
False
Does 98 divide 26506?
False
Is 42 a factor of 4956?
True
Is 14 a factor of 24230?
False
Does 14 divide 1497?
False
Does 18 divide 576?
True
Is 5151 a multiple of 86?
False
Is 54 a factor of 2066?
False
Does 28 divide 758?
False
Is 13 a factor of 490?
False
Is 132 a multiple of 2?
True
Does 10 divide 300?
True
Is 3 a factor of 2687?
False
Is 8 a factor of 568?
True
Is 2233 a multiple of 21?
False
Does 11 divide 1936?
True
Is 3555 a multiple of 237?
True
Does 9 divide 6534?
True
Is 3 a factor of 305?
False
Is 2 a factor of 828?
True
Is 667 a multiple of 30?
False
Is 1740 a multiple of 87?
True
Is 1869 a multiple of 34?
False
Is 45 a factor of 51697?
False
Is 12 a factor of 6780?
True
Is 3024 a multiple of 48?
True
Does 4 divide 156?
True
Does 30 divide 1380?
True
Is 26 a factor of 1049?
False
Is 7 a factor of 8995?
True
Is 58 a factor of 7076?
True
Does 3 divide 655?
False
Is 1026 a multiple of 19?
True
Is 231 a multiple of 21?
True
Does 2 divide 299?
False
Is 48240 a multiple of 36?
True
Is 16 a factor of 336?
True
Is 13 a factor of 25826?
False
Is 81703 a multiple of 79?
False
Does 9 divide 1008?
True
Is 85260 a multiple of 84?
True
Does 7 divide 1768?
False
Is 27 a factor of 367?
False
Does 51 divide 836?
False
Is 32 a factor of 1472?
True
Does 26 divide 754?
T